 2*w = 38, 62 = j*x - 4*w. What is the greatest common factor of 70 and x?
14
Let g = 1369 + -1305. What is the greatest common factor of 16 and g?
16
Suppose 406 = -8*x + 3318. What is the greatest common divisor of x and 42?
14
Let y = -874 + 881. Let w(t) be the third derivative of -t**5/60 + t**4/3 + 7*t**3/3 + t**2. Let o be w(y). Calculate the greatest common divisor of 21 and o.
21
Let t = 9 - 10. Let y = t + 9. Suppose -2*n = 3*n - 320. Calculate the greatest common factor of n and y.
8
Let l = 39 - 31. Suppose -4*p - 831 = -175. Let n = p + 252. Calculate the highest common factor of n and l.
8
Let n be (196/245)/(1/20). Let w = 12 - 4. What is the highest common divisor of n and w?
8
Let x = -1 - -9. Let g = -12 + x. Let w be (-732)/(-30) + g/10. What is the greatest common factor of 216 and w?
24
Let d(z) = -29*z - 1242. Let j be d(-44). What is the greatest common divisor of 1683 and j?
17
Let s(u) = -3*u + 30. Let t be s(4). What is the highest common factor of 261 and t?
9
Let v be -2 - 3/3 - 11. Let n = -18 - v. Let s(r) = -r - 1. Let f be s(n). What is the greatest common divisor of 3 and f?
3
Suppose 43*c - 160 = 442. Suppose -6*d + 3*d + 5*k + 183 = 0, -5*d = 4*k - 268. Calculate the greatest common divisor of c and d.
14
Suppose 0 = 3*d - 38 + 23. What is the greatest common factor of 20 and d?
5
Let d(g) = g**2 - 13*g + 234. Let r be d(0). What is the greatest common divisor of r and 12?
6
Let c = 1962 - 1830. Calculate the greatest common factor of 44 and c.
44
Suppose 0 = 7*i - 557 - 157. Suppose 3*u - 61 = -y + 94, -2*u - 2*y = -i. What is the greatest common divisor of 572 and u?
52
Let b = 144 - -16. Calculate the greatest common factor of 256 and b.
32
Let o = 267 - 157. Let i = o + -50. Calculate the highest common factor of 20 and i.
20
Let d(m) = m**3 + 22*m**2 + 38*m + 36. Let k be d(-20). What is the highest common factor of k and 57?
19
Suppose 149*r - 20 = 145*r. What is the highest common factor of 745 and r?
5
Suppose -6 = -3*v - 63. Let k = -22 - v. Let a(h) = 5*h**2 + 6*h + 5. Let u be a(k). Calculate the greatest common factor of u and 4.
4
Let r = -72 + 70. Let q be -2 + 0/r - -132. Calculate the highest common factor of q and 52.
26
Let v(y) = -2*y**2 - 20*y + 20. Let a be v(-9). What is the highest common divisor of a and 304?
38
Let i(q) = -q**2 - 2*q + 15. Let l be i(0). Suppose 13*k + 48 = l*k. Suppose -4*h + 28 = -k. Calculate the greatest common factor of h and 26.
13
Let n = 165 + 2. Suppose 155 = 7*r - n. Let m = r + -16. Calculate the highest common factor of 5 and m.
5
Suppose -5*t - 3*w + 88 - 13 = 0, 4*w = 2*t - 30. Calculate the highest common divisor of t and 675.
15
Suppose -4*r - 6*r = -20. Let l(s) = 16*s - 17. Let o be l(r). What is the greatest common factor of 120 and o?
15
Let c(d) = 4*d - 2. Let x be c(3). Let w be (x/2 - 4)*7. Let z = w - -1. Calculate the highest common factor of z and 12.
4
Let l = 158 - 102. What is the greatest common factor of 70 and l?
14
Suppose 0 = 2*i - 5*o - 181, -o + 151 = -3*i + 5*i. Calculate the highest common factor of i and 12.
6
Let l be 4 + 91/(-49) + 54/63. Suppose -3*q - 2 = -5*q. Let x be 11 - 2/(q + -3). Calculate the highest common factor of x and l.
3
Let k(g) = -2*g**2 + 12*g. Let w be k(5). Suppose 2*l = -5*h + 41, -w = -5*l + 3*h + 139. What is the greatest common divisor of 7 and l?
7
Let k = -95 + 259. Suppose -40 - 8 = -j + g, 0 = -3*j - 2*g + k. Let w = 2207 + -2194. Calculate the highest common factor of w and j.
13
Suppose 14*x = 6*x + 264. What is the highest common divisor of 352 and x?
11
Let j(x) = x**3 - 2*x**2 + 2*x - 5. Let u be j(3). Suppose h = -4*h + u. What is the highest common factor of h and 16?
2
Suppose 0 = 5*v - 25 + 5. Suppose 0 = -q - 4*s + 18, v*q - 4*s - 32 - 120 = 0. Calculate the highest common divisor of q and 85.
17
Suppose -30 = -5*o + 3*f, -f = 2*o - 0 - 1. Suppose -5*j - 51 = -o*l + 25, 46 = 2*l - j. Calculate the highest common divisor of l and 55.
11
Let g = 0 - -5. Let x = -316 + 341. What is the highest common factor of x and g?
5
Suppose -14 = -4*x - 26, 4*c = -3*x + 1371. Calculate the highest common divisor of 92 and c.
23
Let s be 21 + ((-4)/4 - 5). Calculate the greatest common divisor of s and 27.
3
Let w(i) = 2*i**2 - 4*i + 55. Let v be w(-11). What is the greatest common divisor of v and 11?
11
Suppose -46*d = -4*c - 43*d + 757, -5*d + 5 = 0. What is the greatest common divisor of c and 152?
38
Suppose 4 + 8 = 2*m - 4*y, -4*y - 32 = -4*m. Suppose 2 = -s - 2*l, 4*l + 6 = -m. Let h = -8 + 14. Calculate the greatest common divisor of s and h.
6
Let j be (5/5)/3*-7*-132. Calculate the highest common factor of j and 84.
28
Let m = -644 + 671. What is the greatest common divisor of m and 18?
9
Let d be -3 - 0 - (0 - -10). Suppose -11*p = -15*p + 84. Let s = d + p. Calculate the greatest common divisor of s and 1.
1
Let c = -1735 - -1164. Let m = 886 + c. What is the highest common factor of 35 and m?
35
Suppose -4*j = 1 - 9. Suppose -j*f - 5*q + 83 - 21 = 0, -5*q - 43 = -3*f. Let b be (-2)/(-9) - 50/(-18). Calculate the greatest common divisor of b and f.
3
Let b = -2752 + 3922. What is the highest common divisor of 90 and b?
90
Let w = -124 - -184. Suppose c + 0*c = 9. Let l = 11 + c. What is the highest common factor of w and l?
20
Suppose -128 = -3*f + 2*c + 50, -4*f - 4*c + 244 = 0. What is the highest common factor of f and 24?
12
Let q(j) = 4*j**2 + 6*j + 5. Let f be q(-2). Suppose -f*b = -128 - 817. What is the highest common divisor of 21 and b?
21
Let m(y) = 2*y**2 - 6*y + 1. Let i be m(4). Let f = -31457 - -31709. What is the highest common divisor of f and i?
9
Let c be -51*(-33)/22*(-4)/(-9). Let d(b) = 6*b**3 + 4*b - 4. Let n be d(3). What is the highest common divisor of c and n?
34
Let r(v) = -v**3 - 12*v**2 + 25*v - 13. Let p be r(-14). Calculate the highest common factor of p and 29.
29
Suppose 4*p = 2*p + 108. Let v = -29 + p. Suppose 4*b - 3 = 3*h - v, 0 = -5*b + 25. What is the greatest common divisor of 70 and h?
14
Let z = -175 + 184. What is the greatest common divisor of z and 171?
9
Let i(m) = m**3 + 7*m**2 - 15*m - 11. Let u be ((-4)/6)/(2/6)*3. Let x be i(u). Calculate the greatest common divisor of 46 and x.
23
Suppose -15 = -26*x + 687. Calculate the greatest common factor of 3 and x.
3
Let t = -964 + 1523. Let z = -323 + t. What is the greatest common divisor of 59 and z?
59
Let u = -173 - -201. Let x be (-10)/15*(-461 - 1). What is the highest common factor of u and x?
28
Let a = 69 + -34. Calculate the greatest common factor of a and 105.
35
Suppose 0*v - 4*v + 8 = 0. Suppose -v*s + 4 = -2. Suppose b - 3*b + 4*a = -52, s*b - 23 = -5*a. Calculate the greatest common divisor of 8 and b.
8
Suppose 5 = y, -2*c - 5*y + 2*y = -379. Suppose 0 = -3*s + 14*d - 16*d + 289, 2*s = -4*d + c. Calculate the greatest common factor of s and 9.
9
Suppose 4*k - 360 = g, k = 5*g + 14 + 57. Suppose 3*l + k = 4*l. Suppose -5*o = 5*q - 125, 4*o = -0*o + 5*q + l. What is the highest common factor of o and 264?
24
Let y(g) be the second derivative of -4*g**3/3 - 19*g**2/2 - 6*g. Let a be y(-8). Let n = a - 3. What is the greatest common divisor of 63 and n?
21
Suppose 3*p + 3*b - 219 = 0, 2*b - 20 + 378 = 5*p. What is the greatest common factor of 216 and p?
72
Suppose 5*l - 3*l - 2 = 0. Let m be (4 - l)/(-3) - 6. Let f = m + 15. Calculate the greatest common factor of 8 and f.
8
Suppose 0 = -4*r + 1 + 3. Let w = -7 - 4. Let p be 40/22 - 2/w. What is the highest common factor of p and r?
1
Suppose -k + 7 + 8 = 0. Suppose k*u = 12*u + 180. Suppose -2*f - u = -6*f. What is the highest common factor of 3 and f?
3
Let w(s) = -3*s - 7. Let r be w(-5). Suppose r*o - 3*o = 25. Suppose f + o*i - 16 = 0, -2*f - i = -f - 24. What is the greatest common divisor of f and 65?
13
Suppose 3*m = -0 + 9. Suppose -45 = -m*d - 0*d + 3*g, -3*d = -5*g - 41. Let a = -607 + 760. What is the greatest common divisor of d and a?
17
Suppose 0 = 21*y + 197 - 12440. What is the greatest common factor of y and 22?
11
Let s = -53 - 20. Let p = s - -102. Let b = p - 20. What is the greatest common factor of 9 and b?
9
Suppose 5*r = 2*g + 560, r - 2*r - 4*g = -112. Suppose 2*v - r = 192. Suppose -2*b = -10, 0*b - 6 = o 